r when 573 is divided by j?
3
Let n = -226 + 312. What is the remainder when n is divided by 26 + (-5 - -6)*6?
22
Suppose -q - i = -3*i + 152, 2*i = 2*q + 296. What is the remainder when 221 is divided by (((-10)/4)/(-1))/((-24)/q)?
11
Suppose -18*c = -21*c + 12. Suppose -2*d + 22 + 32 = -c*x, -5*d + 122 = 3*x. What is the remainder when 97 is divided by d?
22
Suppose 20*n = -28*n - 135*n + 2745. Calculate the remainder when 1599 is divided by n.
9
Suppose 18*v = 10611 + 3411. Calculate the remainder when v is divided by 23.
20
Let l = -2896 + 2925. Calculate the remainder when 348 is divided by l.
0
What is the remainder when 102 is divided by ((-1)/2*(-540)/(-24))/((-15)/80)?
42
Suppose -2*d - v + 29 = d, 0 = 2*d - 2*v - 22. Suppose d*i + 8 = 68. Suppose 41 - 323 = -i*u. What is the remainder when u is divided by 10?
7
Let y(j) be the first derivative of 3*j**3 + 71*j**2/2 + 8*j - 151. What is the remainder when 50 is divided by y(-8)?
2
Let b be 2 + -6*(0 + -2). What is the remainder when (-1)/(20/(-784)) - (-25)/(500/(-24)) is divided by 186/b - (-4)/(-14)?
12
Let o = -1639 + 1740. What is the remainder when 258 is divided by o?
56
Suppose 124 = 4*h - 208. Suppose 38*j - 4*o = 36*j + 70, 3*j - 4*o = 113. Calculate the remainder when h is divided by j.
40
Suppose 21*t = 18*t + 585. Suppose -11*c - t = -976. Let z = c + -25. Calculate the remainder when 88 is divided by z.
42
Let v = 4772 - 1305. What is the remainder when v is divided by 4?
3
Suppose 0 = 4*r + 2*s - 22, -3*s - 5 + 14 = 0. Suppose -276 = r*f - 8*f. Calculate the remainder when f is divided by 39.
30
Calculate the remainder when 4/(-3) - (-6765)/99 is divided by (-13 + 8)*-6 - 15/(-3).
32
Let u = -175 + 248. Let d be -78*(888/(-74))/(1*-2). Let p = 493 + d. Calculate the remainder when u is divided by p.
23
Suppose 0 = -3*y - 15, -4*b + 3*b + 2*y + 53 = 0. Let q be -16 + 11 - (0 + b). Let v = q + 53. Calculate the remainder when 17 is divided by v.
2
Let k(d) = -8*d - 208. Suppose 0*n = -5*n + 15, l + 37 = 3*n. What is the remainder when 92 is divided by k(l)?
12
Let o(h) = 199*h - 28 + 190*h + 188*h - 597*h - 3. What is the remainder when 25 is divided by o(-2)?
7
Suppose 33*y = -94*y - 44*y + 4275. What is the remainder when 1470 is divided by y?
20
Suppose 0 = -g + 4*t + 457, -3*g - 3*t - 413 = -1769. Calculate the remainder when g is divided by 113.
1
Suppose 0 = 5*b - 45 + 5. Suppose 3*c + 44 = -b*c. Let f = 3 - c. What is the remainder when 10 is divided by f?
3
Suppose i - 4*v - 41 = 0, -6*i = -i + 5*v - 105. Let k be (12/(-21))/((-8)/28). Calculate the remainder when i is divided by (-28)/(-4) - (k + -4).
7
Let r(s) = s**2 - s. Let d(q) = -2*q. Let u(k) = -4*d(k) + 3*r(k). Calculate the remainder when u(-5) is divided by 21.
8
Suppose -42 = 2*f - 7*f - r, 3*f + 2*r - 21 = 0. Calculate the remainder when 160/7 - -3 - -5*(-7)/(-245) is divided by f.
8
Suppose -889 - 813 = -19*l - 619. What is the remainder when 312 is divided by l?
27
Let q(k) = 13*k + 493. What is the remainder when 163 is divided by q(-34)?
10
Let q = -24 - -27. Suppose q*t - 311 = 5*i, 1 = 2*i - 3*i. What is the remainder when t is divided by 21?
18
Let i = 1718 + -1736. Let h = -37 - -60. Let l = h + i. What is the remainder when l is divided by 3?
2
Let g be 682/17 + 58/(-493). Suppose 44*p = 40*p + g. What is the remainder when 69 is divided by p?
9
Let r(w) = 2*w**3 - 18*w**2 + 20*w + 48. Let f(t) = t**3 + t**2 - 4*t. Let q(g) = -f(g) + r(g). Calculate the remainder when q(19) is divided by 46.
44
Let n = 1678 - -320. What is the remainder when n is divided by 100?
98
Let b(f) = 12*f**2 - 114*f + 233. Calculate the remainder when 98 is divided by b(2).
45
Let t be ((-22)/(-5))/((-14)/(-385)). Let z = t - 97. Calculate the remainder when z is divided by 158/22 - 4/22.
3
What is the remainder when (1732/(-6))/(44/(-66)) is divided by 161?
111
Suppose -4*u + 5*a = -0*u - 30, u = 5*a + 15. Suppose -5*l - u*y - 140 = -9*l, 5*l - 4*y - 184 = 0. Calculate the remainder when 217 is divided by l.
17
Let r(j) = j**3 - 3*j**2 + 8*j - 34. Suppose 4*n + 78 = 462. What is the remainder when n is divided by r(4)?
12
Suppose -16*w = -17*w + 4*n - 790, -3160 = 4*w + 4*n. What is the remainder when 90/(-210) - w/14 is divided by 10?
6
Suppose j = -11*j + 96. Suppose j*m = -4*m + 1056. Suppose -2*r + 4*r = m. Calculate the remainder when r is divided by 22.
0
Let g = 10 + -19. Let w(l) = -l**2 - 7*l - 10. Let d be w(g). Calculate the remainder when (-7)/(d/176) + -1 is divided by 23.
20
Let z = -1 + 8. Suppose -3*b + 11 = -z. Suppose -5*g + g + 2*x = -62, 2*g = -4*x + b. Calculate the remainder when 36 is divided by g.
10
Let l(h) = -12*h**2 + 344*h - 50. What is the remainder when 348 is divided by l(28)?
0
Suppose -4*j = -4 - 0, -4*u + 42 = -2*j. Let k(d) = -d + 16. Let i be k(u). Suppose -v = -i - 1. What is the remainder when 8 is divided by v?
2
Let j(y) = -2*y**2 - 14. Let u be j(10). Let f = 402 + u. What is the remainder when f is divided by 42?
20
Suppose -26*q + 7*q = -14*q - 245. Calculate the remainder when 486 is divided by q.
45
Let c be 3/(1*(1 + -4)). Let u be (3/(-3))/(c/3). Let n(v) = v**3 - 3. Calculate the remainder when n(u) is divided by 15.
9
Let k = 7243 + -7199. Calculate the remainder when 878 is divided by k.
42
Let r be 5/(-4 - -5) + -3. Let d(z) = -5*z**2 + 0*z**2 + 16*z - 13*z**r + z**2 + z**3 + 10. What is the remainder when 23 is divided by d(16)?
3
Let n(z) = 77*z**2 - 9*z + 40. Calculate the remainder when n(6) is divided by 69.
67
Let f = 61 + -39. Let n(v) = -v**2 - 10*v + 43. Let m be n(-9). Calculate the remainder when 1/(2/(-183))*m/(-78) is divided by f.
17
Suppose 905*u - 42 = 902*u. Calculate the remainder when 349 is divided by u.
13
Let m(o) = o**3 + 9*o**2 + 15*o - 54. Let a(c) = -c**3 + c**2 + c - 2. Let w be a(0). Calculate the remainder when m(3) is divided by w/(-3) + 300/9.
31
Suppose 3*u - g = -1053, 0*u - 3*g + 351 = -u. What is the remainder when 426 is divided by (186/(-8))/((u/(-104))/(-9))?
54
Suppose -8*z = 2*i - 11*z - 911, 2*i + 5*z - 935 = 0. Calculate the remainder when i is divided by 59.
47
Let i(t) = -t**2 - 32*t - 172. Let l be i(-22). Suppose 52*z = l*z + 36. Calculate the remainder when 63 is divided by z.
0
Let k(t) = -t**2 - 34*t + 47. Let x be k(-35). Suppose 0 = 2*r - 4*h - x, 0*h - 26 = -3*r + 2*h. What is the remainder when 357 is divided by r?
7
Suppose 139*f - 144*f + 3*h + 1522 = 0, f - 2*h = 303. Calculate the remainder when f is divided by 96.
17
Let v(o) = -27*o + 2581. Calculate the remainder when 712 is divided by v(91).
92
Let v = 62 - 30. Let c(r) = 5*r**2 + 41*r + 227. What is the remainder when c(-11) is divided by v?
29
Let a(p) = -16*p - 147. Suppose 6*m = 3*m - 45. What is the remainder when a(m) is divided by 19?
17
Let u = 187 - 286. Let f = u + 153. Calculate the remainder when f is divided by (-120)/(-16) + 1/2.
6
Suppose -291 = -3*u - u + 5*i, 0 = 2*u - 3*i - 147. Let l(s) = -s**3 - 15*s**2 + 15*s - 6. Calculate the remainder when u is divided by l(-16).
9
Let v(d) = -d**3 + 19*d**2 + 232*d - 441. Calculate the remainder when v(23) is divided by 309.
307
Let y(n) = 4*n**3 + 55*n**2 - 28*n + 8. What is the remainder when y(-14) is divided by 23?
20
Suppose -10*i + 13*i = -183. Suppose 255 = -0*q - 3*q. Let c = i - q. What is the remainder when c is divided by 9?
6
Suppose 244 = 8*c - 10*c + 2*h, 0 = 5*c - h + 630. Let t = c - -175. Calculate the remainder when 190 is divided by t.
46
Let j = 109 - 1. Suppose 3*x - 120 = -3*r, -x - j = -4*x + 3*r. What is the remainder when 225 is divided by x?
35
Let x = -102 + 100. Let t be 2*x/(-4)*185. Suppose -4*w - 215 = -5*c, 0*c - t = -5*c - 2*w. Calculate the remainder when 76 is divided by c.
37
Let h(k) = 24*k - 162. Suppose 0 = -26*u + 5*u + 315. What is the remainder when h(u) is divided by 34?
28
Let i = 8578 - 8489. What is the remainder when 6673 is divided by i?
87
Let g(f) = -f**3 + 30*f**2 + 20 - 7*f**3 - f**3 + 7*f**3. Let i be g(15). Suppose i - 12 = 2*z. Calculate the remainder when 22 is divided by z.
2
Suppose 0 = -7*y - 467 - 44. Let x = y - -75. Calculate the remainder when 56 is divided by 19 + (4 - x) + -1.
16
Let t = 6533 + -5482. What is the remainder when t